 36. What is the greatest common divisor of q and m?
7
Suppose 2*l - 212 = -2*l. Suppose -l = -2*b + 43. Calculate the highest common factor of b and 12.
12
Suppose i - 2*i - 23 = 0. Let o = i - -41. Let v = 31 - o. What is the greatest common divisor of 143 and v?
13
Let s = 3 + 7. What is the highest common divisor of s and 170?
10
Let b be 20/(-6)*6/5. Let i = -2 - b. Suppose 1 = -g + i*s, -s - 9 = -5*g + 2*s. What is the highest common divisor of 21 and g?
3
Let y(n) = -n**3 + 10*n**2 - 4*n - 18. Let t be y(6). What is the highest common factor of 17 and t?
17
Let i(a) = -2*a + 2*a**2 + 2*a - 7 - a**2 - 3*a. Let l be i(5). Suppose l*o - 40 = -4. Calculate the highest common factor of o and 96.
12
Let m = -3 - -9. Let b be (-6 + -1 + 3)/1. Let k = b - -8. What is the highest common factor of m and k?
2
Let j = -30 - -36. Calculate the greatest common divisor of 3 and j.
3
Let p be (-4)/(-2) - 2 - 0. Let s = p + 9. Suppose -3*m + 9 + 0 = 0. Calculate the highest common divisor of s and m.
3
Suppose 0 = -10*h + 5*h + 40. What is the highest common factor of h and 88?
8
Let w(s) = s**2 - 4*s - 1. Let x = -13 - -18. Let i be w(x). Suppose i*h - 2*h = 132. What is the highest common factor of 6 and h?
6
Let w = 8 + 2. Calculate the highest common factor of 2 and w.
2
Let n = 13 + -8. Suppose 0 = n*v - 146 - 199. Suppose -19 = -q + v. What is the highest common factor of 11 and q?
11
Let r(d) = 22*d - 8. Suppose -8 + 17 = p. Let i be r(p). What is the highest common divisor of 38 and i?
38
Let k = 58 - 34. Suppose 5*p + 2*x - 178 = 0, 4*x + 145 + 3 = 4*p. Calculate the highest common divisor of k and p.
12
Suppose 3*u = -5*z + 22 - 2, 0 = -4*u - 4*z + 40. Let l = -35 + 71. Let y be ((-40)/6)/((-2)/l). What is the greatest common factor of u and y?
15
Let h(f) = 13*f - 20. Let d be h(3). What is the greatest common divisor of d and 323?
19
Let d = 64 + -36. What is the highest common divisor of d and 42?
14
Let o = 34 - 6. Suppose -7*w + o = -3*w. What is the highest common divisor of w and 7?
7
Let a = -40 - -112. Let k be (-18 + 22)*(-4)/(-2). Calculate the greatest common factor of a and k.
8
Let h(v) = v**2 - 11*v - 19. Let x be h(13). Let g be 447/21 - 2/x. Let y be ((-1)/(-1))/(1/g). Calculate the greatest common divisor of y and 231.
21
Let p = 11 - 10. Calculate the greatest common divisor of p and 2.
1
Suppose -16 = d + 4*f, -4*d = -2*d + 4*f + 12. Suppose d*u = 7*u - 27. Suppose 2*c = -0 + 12. What is the highest common divisor of c and u?
3
Let n(y) = -17*y + 55. Let l be n(-13). Calculate the greatest common factor of l and 12.
12
Suppose -2*j + 7 = -3*j + 5*u, 4*j - u = 10. Calculate the greatest common factor of j and 1.
1
Let c(d) = -5*d**2 + d. Let o be c(-1). Suppose -3*j = -3*n - 18, 2*j + 3 - 17 = 3*n. Let r = n - o. Calculate the highest common divisor of r and 24.
4
Let w = 60 - 39. Calculate the highest common divisor of 21 and w.
21
Let n = -29 - -67. Suppose 2*i + 3*t = -t - n, -3*i + 5*t = 24. Let u = 29 + i. What is the greatest common divisor of 4 and u?
4
Let w(x) = -2*x - 3. Let j be w(-3). Suppose -j*n = 3 - 57. What is the highest common divisor of 12 and n?
6
Let h be (-2)/((-22)/(-26) + -1). Let o(c) = -c**3 + 21*c**2 + 8*c - 51. Let g be o(21). What is the highest common divisor of h and g?
13
Suppose 0 = -0*m + 4*m - 4. Suppose m = -y + 5. Suppose -2*w + 0 = -4, -f + 4 = -y*w. What is the highest common divisor of f and 84?
12
Suppose c + 8 = 2*w + 27, 5*w + 10 = c. Calculate the greatest common factor of 175 and c.
25
Suppose 5*j - 5*m = -0*j, 0 = 5*m - 25. What is the highest common divisor of 1 and j?
1
Suppose 0 = k - 1 - 1. Let i be (2/4)/((-3)/(-6)). What is the greatest common divisor of k and i?
1
Let c(o) = -1 + 16*o**3 - 3*o - 3*o**2 + 6*o + 0 + 0. Suppose 3*m + 2*m - 10 = 0. Let g be c(m). What is the greatest common divisor of g and 11?
11
Suppose 67 = 4*j + 5*s, 2*j - s - 14 = 3*s. Calculate the highest common factor of j and 13.
13
Let w(v) = v**3 - 6*v**2 + v + 4. Let y be w(6). What is the greatest common divisor of y and 10?
10
Let z = -40 - -49. Calculate the highest common divisor of z and 27.
9
Let l(r) = r**3 + 9*r**2 + 8*r + 5. Let d = -25 + 19. Let w be l(d). Let c(n) = -n**2 - 6*n + 5. Let o be c(-4). What is the highest common divisor of o and w?
13
Let d be 1/(0 - 4/8). Let a be 10/1 - d/2. What is the greatest common divisor of 88 and a?
11
Let h = -27 - -48. Calculate the highest common factor of 3 and h.
3
Suppose 2 + 18 = 2*m. Let y = 20 - m. Calculate the highest common factor of y and 2.
2
Let z = 5 - 3. Suppose 2*t = -2*m - z*m + 146, 0 = 4*t - 5*m - 266. Let r = 31 + -8. What is the highest common divisor of t and r?
23
Suppose -o + 2*o = n - 7, 4*o + 20 = 0. Calculate the greatest common divisor of n and 8.
2
Let d(a) = a**3 - 2*a**2 + a + 6. Let h be d(6). Calculate the greatest common divisor of 12 and h.
12
Suppose g + x + 5 = 0, -x - 3*x - 14 = -2*g. Let b = 7 + g. What is the highest common divisor of b and 54?
6
Let v(o) = -o + 27. Let c be v(9). Calculate the greatest common divisor of c and 90.
18
Let i = -11 - -7. Let v be (-121)/i + (-10)/40. Calculate the highest common divisor of v and 20.
10
Let u be -2 + 0 + (840/(-7))/(-8). Calculate the greatest common divisor of u and 104.
13
Let j be (-36)/(-21) + 2/7. Suppose j*w - 44 = 4. Calculate the highest common divisor of w and 8.
8
Suppose -36 = 6*j - 10*j. Let d(k) = k**2 + 8*k + 1. Let b be d(j). Calculate the greatest common divisor of 14 and b.
14
Let f(k) = k - 7. Let b = 6 + -1. Let w be f(b). Let u be w + -1 + 8 + -2. What is the greatest common divisor of 21 and u?
3
Let m = -2 - -7. Calculate the highest common divisor of 10 and m.
5
Let j = 274 - 161. Suppose 2*x = j - 21. Let i = -10 + x. Calculate the greatest common factor of 12 and i.
12
Let k = -243 - -342. Calculate the greatest common divisor of k and 9.
9
Let g be (20/(-2))/((-1)/((-2)/(-4))). What is the highest common factor of g and 25?
5
Let i = 5 + 3. Let g(v) = 7*v + 46. Let m be g(6). Calculate the greatest common divisor of m and i.
8
Let c be (0 + -3)/((-1)/4). Suppose 4*l - 23 = -5*s + c, -38 = -4*l - 2*s. Calculate the greatest common divisor of 110 and l.
10
Let b be -10*1/((-10)/8). Let z = -16 + 33. Let t = z - b. Calculate the greatest common divisor of 81 and t.
9
Let b = 85 + -40. Let g be (7/(-14))/(5/(-900)*3). Calculate the highest common factor of b and g.
15
Suppose -57 = -3*l + 57. Suppose 2*c - 2*w = l, -16 = w + 3*w. Let r = 66 + -56. Calculate the highest common divisor of c and r.
5
Suppose -2*w + 2*c - 10 = 0, -3*c + 1 = 4*w + 7. Let v = 71 + w. What is the greatest common factor of 17 and v?
17
Let x(l) = l**2 - 7*l + 1. Let h be x(7). Let c = h + 20. What is the highest common divisor of c and 7?
7
Let t(r) = 2*r - 3. Let n be t(3). Let x(d) = 27*d**3 - 2*d + 1. Let h be x(1). Suppose h = n*b - b. What is the highest common divisor of b and 104?
13
Let l = 35 + -15. Suppose -2*k + 10 = -l. Suppose 3*a - 20 - 4 = 5*o, -k = -2*a + 3*o. Calculate the greatest common factor of a and 12.
3
Let u = -32 - -40. Calculate the highest common divisor of u and 64.
8
Let n = -7 + 23. Calculate the highest common factor of n and 24.
8
Suppose 0 = -3*x + 465 + 63. Calculate the highest common divisor of x and 16.
16
Let w be 5/((-2)/(-4)*(-1 + 3)). What is the greatest common factor of 5 and w?
5
Let s(w) = -2 + 52*w**2 - 54*w**2 + 6*w**3 - 5*w**3 + 2*w. Let h be s(3). What is the greatest common factor of h and 39?
13
Let s be (6/6)/(2/(-6)). Let u be -3 + 140 + (s - -2). What is the greatest common divisor of 17 and u?
17
Suppose -4*f - 5 = 11, -3*n - 3*f = 0. Let g(i) = 6*i - 6. Let d be g(n). Let p = -134 + 152. Calculate the highest common divisor of d and p.
18
Let c(m) = m**3 - 16*m**2 - 16*m - 2. Let j be c(17). Calculate the highest common factor of 5 and j.
5
Let y(f) = f**2 + 12. Let r be y(0). What is the highest common divisor of 4 and r?
4
Let f = 2 - 0. Suppose f*j + 192 = 4*j. What is the greatest common factor of j and 16?
16
Let j(y) = y + 8. Let w be j(-6). Suppose 360 = 5*g - 2*k, 2*g - 77 = w*k + 67. Let d be 1/(-2*2/(-32)). Calculate the highest common divisor of g and d.
8
Let b(l) = l**2 + 11*l - 6. Let x be